 - 16*s. Give g(0).
14
Let o(n) = n**2 - 5*n - 1. Let r(f) = -2*f**2 + 5*f + 1. Let t(k) = -3*o(k) - 2*r(k). Determine t(-4).
-3
Suppose -d + 6 = -2. Suppose 2*z = 5*i - 27, -3*z = -i - d*z. Let o(y) = y**3 - 4*y**2 - 6*y - 3. Determine o(i).
-8
Let m = 0 - -3. Suppose 0 = p - 5*p - 3*j + 9, 0 = p - m*j + 9. Let i(h) = -h**3 - h**2 + 13. Give i(p).
13
Let u(n) = -5*n**3 - 54*n**2 + 11*n + 25. Let p(c) = -c**3 - 11*c**2 + 2*c + 5. Let d(w) = -11*p(w) + 2*u(w). Give d(-13).
-5
Let q be -3 - 1/(4/(-20)). Let w(n) = 0*n - n + q*n**2 + 0*n + 8*n**3. What is w(1)?
9
Suppose 0 = 4*o + 5*v - 30, 0 = 5*o - 3*o - 5*v. Let q(f) be the third derivative of -f**6/120 + f**5/15 + f**4/3 - 5*f**3/6 + 3*f**2. What is q(o)?
10
Let n(l) be the first derivative of l**3/3 + 9*l**2/2 + 3*l + 3. Let o be n(-8). Let i(k) = -2*k - 4. Calculate i(o).
6
Let k be (-2)/((-7)/((-35)/(-2))). Let o(z) = 5*z**3 - 2*z**2 + 2. Let v(x) = 3*x**3 - x**2 + 1. Let g(q) = k*v(q) - 2*o(q). What is g(1)?
5
Let t(h) = -h - 5. Let d be t(-8). Let b(p) = -3 + 8*p - 1 - 4*p + 2 + 4*p**2 - p**d. Determine b(5).
-7
Let s = 105 + -101. Let f(v) be the third derivative of v**2 + 1/24*v**s + 0 + 1/6*v**3 + 0*v. Give f(-3).
-2
Let n(w) = 14*w**2 - 13*w**2 + w - 3 - 4. Determine n(0).
-7
Let h(u) = -6*u**3 + 0*u + 4*u**2 - 5*u**2 + 2*u - u. Calculate h(1).
-6
Let h be (2 - 2)/(-2 - -4). Suppose -r + 7*f - 3*f + 21 = h, -28 = -3*r + 5*f. Let o(s) = s**3 - 2*s**2 + 1. Give o(r).
0
Let t(f) = 9. Let b(u) = u**2 - 8*u + 8. Let y be b(7). Let i(l) be the third derivative of l**4/24 + l**3/6 - l**2. Let a(o) = y*t(o) - 2*i(o). What is a(5)?
-3
Suppose -4*r = -11 - 9. Let v(b) = -2*b - 2 + 3 + 3 + 1. Determine v(r).
-5
Let b(g) = -2*g - 4 - g**3 + 3*g**2 + 0*g**2 - g**2 + 3*g**2. Let t = -4 - 0. Let p = t - -8. What is b(p)?
4
Let f(z) = z. Let j(q) = q**2 - 4. Suppose 1 = n - 2. Let r be j(n). Determine f(r).
5
Let f(y) = -y + 12. Let i(r) = 1. Let t(h) = f(h) + 2*i(h). Give t(8).
6
Let c(m) be the third derivative of -m**4/12 + m**3/6 + 16*m**2. Give c(4).
-7
Let h(f) be the third derivative of -f**5/60 + f**4/24 + 2*f**3/3 - 7*f**2. What is h(0)?
4
Let s(f) = -5*f**2 + 5*f - 2. Let o(j) = -11*j**2 + 11*j - 5. Let d(v) = -6*o(v) + 13*s(v). Let g(u) be the first derivative of d(u). What is g(3)?
5
Let f(x) be the third derivative of x**5/30 + x**4/8 - x**3/3 - 3*x**2 - x. What is f(-3)?
7
Let i(u) = -10*u - 6*u + 3 - 4 + 17*u. What is i(-1)?
-2
Let f(m) = -7*m**2 + 2*m + 1. Let r be (-4)/(4*(-1)/(-6)). Let v be 4/r - 5/15. Determine f(v).
-8
Let w = 8 - 7. Let v(n) = 3*n**3 + n - n**2 - 2*n**3 + 10*n**3 - 2*n**3 - w. What is v(1)?
8
Let n(d) be the first derivative of -d**4/4 + d**3/3 + 5*d**2/2 - 2*d - 6. Suppose 0 = -5*x + 4*x. Suppose -m + 3 = -x. Determine n(m).
-5
Suppose 28 = 4*m - s - 2*s, -5*m + 5*s + 40 = 0. Let h(r) = m*r - 1 + 0*r**2 - 5*r + 3 - r**2. What is h(2)?
-4
Let r(y) = 6*y**2 + 11 + 2*y - 4 + 3*y. Let u(l) = 3*l**2 + 2*l + 3. Let w(c) = 4*r(c) - 9*u(c). Determine w(-1).
-4
Let f(i) be the first derivative of -i**3 + i + 5. What is f(2)?
-11
Let r(y) = y**3 - 3*y**2 - 3*y + 3. Suppose -4*l = 2*a - 18, -5*l + 18 = 2*a - a. Give r(l).
-6
Suppose 5*k + 36 = -2*y, 4*k + 35 + 1 = -4*y. Let z(j) = -j - 1. Calculate z(k).
5
Let x(u) = -u**3 + 5*u**2 + 2*u - 5. Let l be (-1)/(-2)*(-2 - -4). Let f be -1 + 0 - l*-6. What is x(f)?
5
Let a(n) = 0*n - 2*n - 2*n + 3 + 2*n. Determine a(-3).
9
Let t(o) = -o - 3*o - 3*o. Let b be 0/((-6)/9*3). Let i be 0 - (b/3 + -1). What is t(i)?
-7
Suppose -k - 2*n + 14 = -0*k, 0 = -3*k + 4*n - 8. Suppose -2*c + h = 3*c - 10, -k*h - 6 = -3*c. Let x(i) = i**3 - 3*i**2 + 4*i - 2. What is x(c)?
2
Let o be 0 + ((-2)/(-2) - -5). Let n(s) = -6*s + 14. Let w(d) = -5*d + 12. Let u(t) = -6*n(t) + 7*w(t). Determine u(o).
6
Let z be (-2)/8 - (-1)/4. Suppose -2*k - k + 9 = z. Let u(h) = k*h + 1 - h - 9*h. Give u(1).
-6
Let k(c) = c - 10. Suppose -3*j = 2*q - 4, 5*q + 4*j - 1 - 9 = 0. Suppose 3*o - q*o = 5. Calculate k(o).
-5
Let h(n) = -2 - n + 2*n - 3 - 4. Let v be h(0). Let l(z) = z + 10. Let u be l(v). Let q(k) = -k**3 + 2*k**2 - 2*k + 1. Calculate q(u).
0
Let o(d) = d - 1 - 4 - 4 + 3. What is o(5)?
-1
Let q(a) be the second derivative of -a**4/3 - a**3/6 - a**2/2 - a. Let j be 3 + 1*(-2 + 1). Let o = -3 + j. Determine q(o).
-4
Let p(n) be the third derivative of n**5/60 + 5*n**4/24 + n**3/6 + 4*n**2. Let x(j) = -2*j**2 - 5*j. Let q(k) = 3*p(k) + 2*x(k). Determine q(6).
-3
Let r(t) be the second derivative of -t**3/6 + 4*t**2 - t. Suppose -3*d - 4*b = -10, 5*b = -2*d - 2*d + 13. Suppose y - d*y = -4. Calculate r(y).
4
Let l(k) be the second derivative of -k**6/120 - k**5/20 + 3*k**2/2 + 3*k. Let i(a) be the first derivative of l(a). What is i(-3)?
0
Let o(f) be the first derivative of -3*f + 1/4*f**4 + 5 + 7/3*f**3 + 5/2*f**2. Determine o(-6).
3
Let y(v) = -7*v - 1. Suppose -4*x + 60 = x. Let g be (-42)/(-36) + (-2)/x. Give y(g).
-8
Let t(w) = -w + 4. Let n(x) = x**3 - x + 7. Let m be n(0). Determine t(m).
-3
Let k be (-24)/3*1/(-2). Let h(y) be the third derivative of -y**6/120 + y**5/10 - y**4/4 + 5*y**3/6 - 3*y**2. Determine h(k).
13
Let a(p) = p + p + p + 0. Let n(h) = h. Let v be n(0). Suppose 4*t + 8 = -v. Calculate a(t).
-6
Suppose -q = 2*q - h - 3, -3*q - 3*h + 3 = 0. Let t be 0 + 1 + (q - 0). Let x(u) = 6*u**2 + 2 - 3*u**2 - 4*u - 2*u**t. Give x(5).
7
Let u = 12 - 8. Let a(r) = r**3 - 5*r**2 + 3*r + 5. Calculate a(u).
1
Let y(w) = -w**3 + 5*w**2 + 5*w - 3. Suppose s = a + 11, -a - 15 = 2*a. Give y(s).
-9
Suppose 23 = z - 4*h - 0*h, 4*z - 3*h = 27. Let m = 2 + 0. Let a(c) = -m*c + c + 3 - 3*c. Give a(z).
-9
Let t be 7 - 6 - (9 - 1). Let k be (-10)/(-70) - 20/t. Let b(m) = -6*m**2 + 10*m**3 - 7*m + 2*m**2 - 9*m**k + 1. Calculate b(5).
-9
Suppose -a + 2*q + 2 = -5, 15 = 3*a - 4*q. Let h(z) = -4*z**2 - 1. What is h(a)?
-5
Let k(c) = 13 - 3*c**2 + 18*c**3 - 12 + c**2. What is k(-1)?
-19
Let g(d) = 2*d**3 - d**2 + 2*d + 13. Let k(p) = -p**3 - p - 6. Let r(b) = -4*g(b) - 9*k(b). Give r(-4).
-2
Suppose 3*u + 22 = 1. Let h(p) = -p**2 - 7*p + 9. Calculate h(u).
9
Let m = -2 + 4. Suppose y + 0 = w + 3, w = -m*y + 6. Let h(i) = 7*i**2 + i - 2. Let k(x) = x**2. Let j(r) = h(r) - 6*k(r). Calculate j(w).
-2
Suppose -6*v = -v + 315. Let q be (-14)/v - 65/9. Let k(a) = a**3 + 6*a**2 - 7*a - 6. What is k(q)?
-6
Let b(v) = 0 + 2 - v - 3 + 0. Give b(2).
-3
Let k(f) = 3 - 3*f**2 + 5*f**2 - f**2 + f. Let s(x) = x**3 - 14*x**2 + 14*x - 13. Let d be s(13). Give k(d).
3
Let h(g) = -g**2 - 2*g + 1. Let q be h(0). Suppose q - 7 = w. Let s(o) = -o**3 - 7*o**2 - 6*o + 5. Calculate s(w).
5
Suppose 3*a + 1 = 7. Suppose -2*z - z + 11 = a*i, 3*i = -z + 13. Let x(g) = g**3 - 3*g**2 - 6*g + 4. What is x(i)?
-4
Let o(t) = t + 5. Let n be o(6). Let c = n + -6. Let h(k) = 0*k**3 - k**2 + 7*k**2 - 4*k - 6 - k**3. Give h(c).
-1
Let i(p) = -p + 2. Let q(y) = -2*y + 3. Let l(z) = 10*i(z) - 6*q(z). Suppose -5*k = -x - 18, 5*k + 0*k = -3*x + 26. Determine l(x).
6
Let p(c) = -5*c - 3. Let z(f) = -f. Let o(w) = -p(w) + 4*z(w). Suppose 3 = 5*q - 4*q. What is o(q)?
6
Let b(c) = c**3 - 7*c**2 + c - 9. Let t be b(7). Let m(h) = h**3 + 5*h**2 + 3*h. Determine m(t).
6
Let r(y) = -y**3 + 7*y**2 - 7*y + 1. Let m be 348/108 - 4/18. Let s be m - (3 - (3 - -3)). Give r(s).
-5
Let y(k) = -k - 3. Let w be y(-5). Suppose -v + w*v = -4. Let o(g) = -2*g**2 - 7*g - 5. Give o(v).
-9
Let a(g) = 3*g + 2 - 6*g**3 + g**3 - 2*g**2 + 4*g**3. Suppose d - 2*p - 5 + 17 = 0, -3*p + 19 = -2*d. What is a(d)?
-4
Suppose -o + 14 = 4*x, -4*o + x + 2 = -x. Let u(c) = 3 - c + 3*c**2 - o*c**2 - 4*c. Let a be u(4). Let s(t) = -9*t**3. Determine s(a).
9
Let w(g) be the first derivative of -g**4/4 + g**3 - g**2 + 1. Suppose -j + 73 = 70. What is w(j)?
-6
Let z(r) = -2*r**2 + 2*r. Let w(x) = -x**2 - 4*x + 2. Suppose 0*f - 3*f - 12 = 0. Let a be w(f). What is z(a)?
-4
Let v(m) be the second derivative of m**5/20 + m**4/3 - m**3 - m**2 + 7*m. Let y = 3 - 8. Calculate v(y).
3
Let q(b) = 2*b**2 - 2*b - 3. Let r(l) be the first derivative of -l**3/3 + 2*l**2 + 3*l - 5. Let u be r(5). Determine q(u).
9
Let f be 1 + -1 - (-9 + 2). Let p = -6 + f. Let n(h) = -h + 0*h - h + p. Determine n(2).
-3
Suppose v = -1 + 6. Let i(f) = -2*f + 6. Let h(x) = -3*